t is the highest common divisor of c and d?
10
Let f be ((-1197)/(-266))/(9/30*(-5)/(-468)). What is the highest common divisor of f and 684?
36
Let s be -65 + 68 + 4*1. Let n(z) = -2*z**2 - 10*z - 4*z**3 - 3*z**2 + 5*z**3. Let c be n(s). What is the greatest common factor of c and 7?
7
Let a = -4367 + 5863. What is the greatest common factor of 132 and a?
44
Suppose -217*g = -4*v - 213*g + 4928, 0 = -5*v - 5*g + 6090. Let j = 53 - 28. Calculate the greatest common factor of j and v.
25
Let j be 1/((-1)/5) + 1. Let n be (-2 + (j - 2))*(-1 + -1). Suppose -n = -4*q, -2*q = 4*c + 23 - 123. Calculate the greatest common factor of c and 161.
23
Let s be -1 + -11 - (-19 - -5). Let z = 9 + 123. Calculate the greatest common divisor of z and s.
2
Let y = -322 - -322. Suppose t - 26 = -3*s + 29, y = 4*t + 8. Calculate the greatest common divisor of s and 437.
19
Suppose 3341*z = 468*z + 301665. Suppose f - 6*f = 3*p - 15, 0 = 2*f. Calculate the highest common divisor of p and z.
5
Let y(n) = 50*n**2 - 4*n - 1. Let w be y(-1). Suppose 52*x - 90 = w*x. Let m be (3 - x) + 0/(-3) + 3. Calculate the highest common factor of m and 32.
32
Let g be (-1)/(6 - (-5 - -10)). Let w(u) = 20*u + 26. Let o be w(g). What is the greatest common factor of o and 3?
3
Let d be -8*2/20 + 896/70. Suppose -2*r = -7*r + 15. What is the highest common factor of d and r?
3
Let o be -1 + 84 - (-16 + (49 - 29)). Calculate the greatest common factor of 17933 and o.
79
Suppose -48 = -2*k - 10. Let b(p) = 4*p - 61. Let q be b(k). Calculate the greatest common factor of 3 and q.
3
Suppose 3*o - 2 = -5*v, -5*o = 15*v - 20*v + 50. Suppose 5*s - 31 = 19. Calculate the greatest common factor of v and s.
2
Let v be -71*(-4)/26 + (-434)/(-5642). Calculate the greatest common factor of 10846 and v.
11
Let z = 6742 + -6152. Calculate the highest common factor of z and 472.
118
Let k = 6 + -25. Let l = -15 - k. Let c be 13 + (6 - 2) + (l - 7). What is the highest common factor of c and 2?
2
Suppose -21 = -3*x, -116 = w - 5*w - 4*x. Calculate the greatest common factor of w and 176.
22
Let m be 16/24*441 + 6. Suppose 9*q - m = 5973. What is the highest common factor of q and 82?
41
Let w(s) = 31*s**3 - 4*s**2 - 10*s + 1. Let t be w(-2). Let z be (-1 - (-8)/12)*t. What is the highest common divisor of 45 and z?
9
Suppose -k + 63704 = 4*l, -l + 30*k = 33*k - 15937. What is the highest common divisor of 26 and l?
13
Suppose 30 = k - 5*p, 5*p = -4*k + 2*p + 120. Calculate the greatest common divisor of 4485 and k.
15
Let f be 355 - (8 - 14/7). Let z = -295 + f. Calculate the greatest common factor of 297 and z.
27
Let j = 29 - 29. Suppose -5*n + 4*l + 1255 = -1, j = n - l - 251. What is the highest common factor of n and 72?
36
Let l = -47 + 95. Let p(u) = -u**3 + 8*u**2 + 3*u - 2. Let c be p(-5). Let z be 12/78 - c/(-26). What is the highest common factor of l and z?
12
Let h be (-6)/15 - (-110)/25. Suppose h*y - 6*y + k + 18 = 0, 0 = 5*k - 10. Calculate the greatest common factor of y and 250.
10
Let p be (28/(-7))/(182/(-62) - -3). Let u be 0 + 1 - (-6)/((-12)/p). What is the highest common divisor of u and 104?
8
Let u(c) = c + 1. Let k(y) = y**2 - 3*y + 17. Let p(q) = k(q) - 5*u(q). Let b be p(11). Let x be 24/18*b/6. What is the highest common divisor of x and 20?
10
Let w be (-1040)/(19 - 3)*(-2)/2. What is the highest common factor of w and 85?
5
Let o be (-2 - (-4)/3)/(12/(-990)). Suppose 175 = 20*t + o. Calculate the greatest common divisor of t and 21.
3
Let n(p) = p**3 - 2*p**2 + 7*p - 38. Let x be n(5). Let a = 88 - x. What is the greatest common factor of 184 and a?
8
Let u = 544 + -774. Let s be (5/(-25)*-15)/((-6)/316). Let p = s - u. Calculate the highest common divisor of p and 9.
9
Suppose -3*h = -7*h + 212. Let g = h + -24. Let j = g - -158. What is the highest common factor of 17 and j?
17
Let d be (-14 + 8)/(3/28). Let t be ((-588)/d)/(2/(-4)). Let v(h) = h**2 + 19*h - 35. Let g be v(t). What is the greatest common divisor of 7 and g?
7
Suppose 25 = 12*w + 1. Suppose -w*p + p - 3*l = -7, 3*p = l - 9. Let n be (-11 - 1)*(-1 + 1 + p). Calculate the greatest common divisor of n and 24.
24
Suppose 0*f + 5*f + 95 = 5*p, -3*p - 2*f = -62. Suppose -4 + p = 2*l. Calculate the greatest common divisor of 3 and l.
1
Let u = -2554 - -3856. What is the greatest common factor of u and 14?
14
Let z = -131 + 149. Let k = -229 - -319. What is the greatest common factor of k and z?
18
Suppose 176 = 4*b + 12*b. Suppose -2*k = -b*g + 6*g - 385, -730 = -4*k + 2*g. Let h(m) = -m + 20. Let i be h(0). What is the greatest common factor of k and i?
20
Suppose 2*w + 752 = 4*s, -905 = -4*s - w - 153. What is the greatest common divisor of s and 6674?
94
Suppose v - 7 = -2*p, 4*v + 3 + 5 = p. Calculate the highest common divisor of p and 239.
1
Suppose -22*h + 2*h + 60 = 0. Suppose k - 5 = -h*b + 6, 20 = -5*k. Suppose 3*f = 23 + 97. Calculate the greatest common divisor of f and b.
5
Let v be (-5)/2*(1 - -1399)/(-10). What is the highest common divisor of 325 and v?
25
Let b = 33412 + -30903. What is the highest common factor of 78 and b?
13
Let y = -7341 - -7874. Calculate the greatest common factor of 41 and y.
41
Let f = -12872 + 25937. What is the greatest common factor of f and 5?
5
Let j be (((-14)/4 - 0)*2)/(-1). Let c = 26 + -22. Suppose -3*z - 84 = -c*d, 0*d + 3*z + 63 = 3*d. What is the greatest common divisor of j and d?
7
Let k = 3596 + -3580. What is the highest common divisor of k and 4624?
16
Suppose 14*w - 8456 = -0*w. Suppose 0 = -2*k - 8, 4*b - w = 3*k - 8*k. Calculate the highest common factor of 12 and b.
12
Let t(r) = -r**2 + 15*r + 11. Let z be t(12). Let l be (-2)/((-138)/(-92)*(-1)/141). Calculate the highest common divisor of l and z.
47
Suppose -5*k - 450 = -5*x, 2*x + 34*k - 164 = 32*k. What is the highest common factor of 3 and x?
1
Let r be (-3 - -1)/(1/(-32)). Let o be 24/30 - 168/10. Let y be 15/(-5)*o/6. Calculate the highest common divisor of r and y.
8
Let r be (-1 + 93 - (-3)/(51/85)) + 3. What is the greatest common factor of 2240 and r?
20
Suppose 2*r = -3*r - 2*w + 69, 0 = -2*r - 5*w + 36. Suppose r*h = 18*h + 15. Let m be h/(6 + 0)*-40. Calculate the highest common divisor of 140 and m.
20
Let x = 10 - 7. Let a = x + 6. Let n(h) = -1695*h - 6717. Let q be n(-4). Calculate the highest common divisor of a and q.
9
Suppose -3*w - 26 + 11 = 0, -3*g + 4*w = -1658. Let i(q) = q**3 - 3*q**2 - 3*q + 7. Let m be i(5). Calculate the highest common divisor of g and m.
42
Let u(a) = 7105*a**2 - 40*a + 42. Let f be u(1). What is the highest common divisor of 103 and f?
103
Let g = 243 + -143. Let q be -1 - (-457)/9 - (-986)/4437. What is the highest common divisor of q and g?
50
Let d(v) = v**2 + 2*v + 1. Let z be d(3). Let l be -4 + 14 + 1/(-1). Let m be 3/l*(1 - -2) + 47. Calculate the greatest common factor of z and m.
16
Suppose 2*a = -16*a - 36. Let s be (-2)/10 - (-78)/(-10). Let j be (-15)/a - (-2 - 28/s). What is the highest common factor of j and 42?
6
Let v(w) = w**3 - 2*w**2 - 8*w - 4. Suppose 17 - 45 = -4*c. Let s be v(c). Suppose 6*k + 11 = s. What is the highest common factor of 261 and k?
29
Suppose -3*q = -6*q + 3*a + 990, -2*q - 3*a = -685. Let f = 428 + -243. Let c = q - f. Calculate the greatest common divisor of c and 60.
30
Let l be (-32)/(-3) + (-30)/(-9) + -4. Let q(c) = 38*c**2 - 40*c**2 + l*c - 6*c + 3*c**3 - 7. Let p be q(2). What is the highest common factor of p and 153?
17
Suppose 4*d - 328 = w - 2*w, -w = -d - 303. Suppose 11*a - 83 = -3*f + 12*a, a = -16*f + 449. Calculate the highest common factor of f and w.
28
Let s(m) = -m**2 - 2*m + 129. Let r be s(9). Let f be ((-8)/(-10))/(r/75). What is the highest common factor of f and 19?
1
Let g be (-7044*8/(-32))/(0 - -3). Let r = 827 - g. Calculate the greatest common divisor of 75 and r.
15
Let k(t) be the second derivative of -2*t**4/3 - t**3/2 + t**2/2 + t. Let p be k(2). Let s = p + 52. What is the highest common divisor of s and 75?
15
Let k = -883 - -973. Calculate the highest common divisor of 1530 and k.
90
Suppose 5*g - 4 = -5*z + 8*z, z = g. Let w be z + 3 + 75/3. What is the highest common divisor of 30 and w?
30
Let g(h) be the third derivative of h**6/120 - 2*h**5/15 + 2*h**4/3 - 3*h